e -2 - (2 + -2 - 180). Suppose 3*f = 5*g - 26, 3 = -4*f + 5*g - 25. Is f/(-7) + j/14 a multiple of 13?
True
Let m(y) = y**3 - 5*y**2 - 2*y + 7. Is m(6) a multiple of 13?
False
Is 68/3 + (-1)/(-3) a multiple of 16?
False
Let a = 4 + -2. Suppose 2*q - a = -j - 2*q, 18 = -j + q. Does 3 divide (-4)/j + 280/49?
True
Suppose 2*r + 10 = 0, -2*k = 3*r - 196 - 25. Does 22 divide k?
False
Is 222*((-50)/15 + 4) a multiple of 42?
False
Let q be ((-12)/18)/((-2)/60). Suppose 0 = -0*f + 2*f + 5*b - 6, -2*f = -2*b - q. Is f a multiple of 4?
True
Let w = -17 - -31. Is w a multiple of 7?
True
Let d be 3 - 0*(0 + -1). Suppose 128 = g + d*g. Suppose -4*h + g = -40. Is 6 a factor of h?
True
Let w = 12 - 3. Suppose 0 = 2*s - 5*l + 1, 2*l - w = -l. Does 3 divide s?
False
Let i(l) = -8*l + 40. Does 24 divide i(-7)?
True
Let b(n) = -11*n - 3. Does 9 divide b(-5)?
False
Suppose s - 5*r + 26 = 0, -5*s - 14 = -0*s + 4*r. Does 12 divide (-20)/s*(-36)/(-10)?
True
Suppose f - 2*n = -4*f + 604, -6 = -2*n. Is f a multiple of 26?
False
Let o(a) = -a**2 + 5*a + 3. Let z be o(6). Let h(t) = t**3 - 3*t**2 + t - 1. Let g be h(4). Let b = g - z. Is 15 a factor of b?
False
Let u be 72/15*75/6. Suppose 2*x - 2*s - u = 0, -x - s = 3*s - 20. Is 10 a factor of x?
False
Let d(u) = u**3 + 4*u**2 + 4*u + 3. Let j(k) = k - 3. Let r be j(6). Suppose -r*a = -v - 14, 4 + 6 = v + 3*a. Does 3 divide d(v)?
True
Suppose 5 = d, 0 = 4*c - 7*c - 4*d + 26. Does 14 divide -4 + c + 28 + 1?
False
Let p(r) = -2*r**3 - 2*r**2 + 3*r + 4. Suppose -h - h = 6. Does 10 divide p(h)?
False
Suppose 2 - 14 = 4*b. Does 17 divide 78/(-9)*b + 1?
False
Let z(r) = -34*r - 4. Let y be z(-3). Suppose -y = -2*w - 4*c, 0 = w + 2*w + c - 147. Is 20 a factor of w?
False
Suppose 3*s + 7 - 19 = 0, 0 = 5*b - s - 251. Is b a multiple of 14?
False
Let v(d) = -d**3 + 3*d**2 + 5*d + 2. Let k be v(4). Let z = 11 - k. Suppose y = z*o + 6, -4*y - 5*o = y - 120. Is 18 a factor of y?
False
Let u(z) = -z**2 - 5*z + 6. Suppose 5*w = 25, -t - w - 20 = 4*t. Let x be u(t). Let n(g) = g - 1. Is 2 a factor of n(x)?
False
Suppose -4*b + 32 = -8*b. Does 15 divide 61 - -5 - b/(-2)?
False
Let o(n) = -2*n - 3. Let b be o(-6). Does 11 divide (39/b)/(1/3)?
False
Let h(y) = -11*y**3 - 2*y**2 + 8*y + 3. Let z(a) = -7*a**3 - a**2 + 5*a + 2. Let v(i) = 5*h(i) - 8*z(i). Is v(3) a multiple of 4?
True
Suppose -3*i = 2*i - 75. Suppose -3 = -4*m - i. Does 10 divide m/((-27)/60)*3?
True
Suppose 23*x = 16*x + 1890. Is 27 a factor of x?
True
Let f(g) = g**3 - 5*g**2 - g - 6. Does 8 divide f(6)?
True
Let a(m) = m**3 - m**2 - m. Let z be a(2). Suppose -4*b - 4 = -5*i, z*b = -0*b + i + 4. Let n(k) = -k**3 + 6*k**2 - 5*k + 6. Is 8 a factor of n(b)?
False
Let w(y) = -y**3 + y**2 + 2*y + 4. Let a be w(3). Let b be a/(-5) + 6/15. Does 14 divide 35 + (b - (2 + -2))?
False
Suppose 0 = 3*i + i. Let r be -2 + i + 82 + 0. Does 16 divide r/3*12/10?
True
Let w be (1 - 3)*(-94)/4. Suppose -20 = 4*t, g - 2*t = t + w. Is g a multiple of 22?
False
Let n(s) = -s**3 + 14*s**2 - 5*s - 13. Let z be n(14). Let f = 128 + z. Is f a multiple of 9?
True
Let n(r) = -4*r + 5. Is n(-4) a multiple of 7?
True
Let c(u) = -u - 8. Let m be c(-8). Suppose -k + 1 + 3 = m. Is 4 a factor of k?
True
Let n(u) = u**2 + 6*u + 3. Let v be n(-3). Is 4 a factor of (-102)/(-9) + v/(-9)?
True
Suppose x - 3*i + 137 = -83, 0 = -3*x + 4*i - 680. Let j be (-4)/6 + x/(-24). Let b = -6 + j. Is b a multiple of 2?
False
Is 15 a factor of (2 + 140)/(-5 - -7)?
False
Let l be (-2 - -2)/(-2 + 0). Let j be -3*(-2)/3 - l. Suppose 2*m = 3*q - 54, -3*q + 4*m + 62 - j = 0. Does 7 divide q?
False
Let p(m) = 2*m**3 - 18*m**2 - 15*m + 11. Let v(i) = -i**3 + 9*i**2 + 7*i - 6. Let s(t) = 3*p(t) + 5*v(t). Let r be s(10). Is (-1 - -28) + r/3 a multiple of 14?
True
Let u(l) = -l**3 + 7*l**2 - 7*l + 9. Let q be u(6). Let t be -5*q/6*2. Let x = 0 - t. Is x a multiple of 2?
False
Let u = -9 - -36. Let n be 6/u + 340/9. Suppose -3*i + 4*l = -34, 0 = -2*i + 5*i - 2*l - n. Is i a multiple of 14?
True
Suppose -87*c - 510 = -92*c. Is 35 a factor of c?
False
Let l = 15 + -1. Is l a multiple of 4?
False
Let c be 3/(-2)*(-110)/33. Suppose r = -4, -r - 129 = -c*o - 5*r. Does 12 divide o?
False
Let s = 17 + -25. Let u be (-137)/9 + s/(-36). Let v = u + 22. Is v a multiple of 2?
False
Let k = -26 + 38. Does 12 divide ((-81)/k)/((-1)/4)?
False
Let z(t) = -10 + 7*t**2 + 0*t + 11 - 3*t + t**3. Suppose -3*d = -4*d, -14 = 2*g - 5*d. Is 11 a factor of z(g)?
True
Let l(u) be the first derivative of -1 + 4*u - 1/4*u**4 + 4*u**2 - u**3. Is 14 a factor of l(-5)?
True
Suppose -3*k - 159 = -6*k. Let q = k + -32. Is q a multiple of 12?
False
Let m(l) = -l**3 + 9*l**2 + 14*l - 4. Is 30 a factor of m(10)?
False
Let o(d) = 0 + 4 + 2*d**2 + d + d**3 - 4*d. Is 3 a factor of o(-3)?
False
Suppose -4*f - 5 = -1, 3*v - 73 = -2*f. Is v a multiple of 9?
False
Let q = -60 + 120. Is 12 a factor of q?
True
Let u(v) = 61*v - 9. Let f be u(6). Suppose -4*m + 3*m - f = 0. Is 4/(-18) + m/(-27) a multiple of 13?
True
Suppose 0 = 2*x - 5*t - 35, -4*x - 3*t + 0*t = -5. Suppose 0 = x*s + 14 - 29. Is 3 a factor of s?
True
Is (4/(-1))/(-16) - 727/(-4) a multiple of 26?
True
Is 8 a factor of (-48)/(-4 + 15/6)?
True
Suppose r - 96 = -2*r + 5*i, i - 51 = -2*r. Is r a multiple of 7?
False
Let x(v) = -15*v - 1. Let j be x(-2). Suppose 0 = -5*n - j + 259. Does 13 divide n?
False
Let t = -118 - -244. Does 22 divide t?
False
Let p be 6/39 - 903/39. Let l = p + 38. Does 8 divide l?
False
Let o(h) = 2*h**2 - 2*h + 2*h. Is o(3) a multiple of 7?
False
Let b(x) be the second derivative of x**7/2520 + x**6/80 + x**5/24 - x**4/6 + 2*x. Let n(l) be the third derivative of b(l). Is 4 a factor of n(-9)?
False
Let t(o) = 13*o**3 - 2*o**2 + o. Let g be t(1). Does 15 divide 8/g*(53 - 2)?
False
Suppose 3*j - 12 = 0, 4*d - 2*j - 12 = -d. Suppose 5*l = 3*m + 5, -d = -0*l - l. Suppose -k + 5*q = k - 35, -5*k - m*q = -35. Is 7 a factor of k?
False
Let s(f) = -52*f**3 - 1. Let t = -9 - -8. Does 20 divide s(t)?
False
Suppose 0 = 5*k + 26 - 71. Suppose 0 = x + 4, x - 29 = -2*r + k. Is 7 a factor of r?
True
Suppose -2*m + m = -484. Suppose 0 = -3*n - l + m, 0 = 5*n - n - 4*l - 656. Suppose 0 = -5*t + 3*y + n, -5*t + y + 168 = 4*y. Does 15 divide t?
False
Let s be 2/1 - (-10 - -10). Suppose -c = s*x - 45, c - 4*x = -x + 35. Does 15 divide c?
False
Let f(i) = 15*i + 13. Let b(q) = 8*q + 6. Let j(l) = 7*b(l) - 3*f(l). Let k be j(9). Suppose 4*n - 3*n - m = 29, -2*m + k = 3*n. Does 16 divide n?
True
Let d = -81 + 46. Let g be 325/d + 4/14. Let a = 4 - g. Is 13 a factor of a?
True
Let t be (-230)/(-15) + 4/6. Suppose 2*k - c = 3*c - t, 3*c - 13 = k. Suppose -l - 2*l + 107 = b, -5*l + k*b + 160 = 0. Is 17 a factor of l?
True
Let f = 16 - 12. Suppose 0 = f*h - 17 - 63. Is h a multiple of 10?
True
Suppose 4*q - 13 - 5 = 5*p, 3 = -2*p + 3*q. Let t = p - -14. Is t a multiple of 6?
False
Let v(s) = -s - 5*s**2 - s**2 + 7*s**2 + 4. Is 4 a factor of v(0)?
True
Let h = -146 - -227. Does 22 divide h?
False
Let n be 3/(((-18)/4)/(-3)). Suppose n*f + f - 2*a = 37, 4*f - 16 = -4*a. Is f a multiple of 9?
True
Suppose -3*y + y + 120 = 0. Is y a multiple of 30?
True
Let a(g) = -g**3 + 10*g**2 - 15*g + 36. Is a(8) a multiple of 4?
True
Suppose 0 = 5*m, -2*o + 5*m - 2*m + 66 = 0. Is o a multiple of 2?
False
Let t(f) = -f**2 + 2*f**3 + 4*f**3 + 1 - 12*f**3. Let q be t(1). Does 4 divide (-70)/(-6) - 2/q?
True
Suppose v + 2*d - 87 = d, 4*d - 257 = -3*v. Does 19 divide v?
False
Let h(v) = 4*v**2 - 2*v + 4. Does 34 divide h(3)?
True
Suppose -16 - 20 = -2*l. Is 4 a factor of l?
False
Let w be ((-48)/14)/((-14)/147). Suppose -h + 3*h - w = 0. Is h a multiple of 9?
True
Let t = -2 + -1. Suppose -3 = -v - 5*r, -21 = 5*v + 4*r + 6. Let k = t - v. Is k a multiple of 3?
False
Let b(v) = 2*v**2 - 5*v + 5. Let x be b(2). Suppose u + x*w = 5*w + 91, 4*u + 3*w = 397. Is u a multiple of 27?
False
Suppose z + 3 = -2*b, -z + 5*b = z - 21. Let y be 5/((-5)/z) + 5. Suppose -5*p - y*v = -185, -2*v + 11 = 1. Is 11 a factor of p?
False
Is 29 a factor of (-2 - -1 - 11)*(-22)/8?
False
Suppose 0*x = x + 3*k - 17, 4*x - 4*k - 20 = 0. Let a = -8 + x. Is 24/3 - (-1 - a) a multiple of 9?
True
Suppose 3*b = 146 - 32. Is 13 a factor of b?
False
Let n = 4 + -5. Is